{"id":118913,"date":"2023-04-24T15:00:31","date_gmt":"2023-04-24T14:00:31","guid":{"rendered":"https:\/\/jaarverslag.gevangenenzorg.nl\/2022\/?page_id=118913"},"modified":"2023-05-01T13:35:30","modified_gmt":"2023-05-01T12:35:30","slug":"3-drijfveren","status":"publish","type":"page","link":"https:\/\/jaarverslag.gevangenenzorg.nl\/2022\/3-drijfveren\/","title":{"rendered":"3. Drijfveren"},"content":{"rendered":"<p>[vc_row row_height_percent=&#8221;68&#8243; override_padding=&#8221;yes&#8221; h_padding=&#8221;2&#8243; top_padding=&#8221;5&#8243; bottom_padding=&#8221;5&#8243; back_image=&#8221;118990&#8243; parallax=&#8221;yes&#8221; overlay_alpha=&#8221;80&#8243; equal_height=&#8221;yes&#8221; gutter_size=&#8221;4&#8243; column_width_percent=&#8221;100&#8243; shift_y=&#8221;0&#8243; z_index=&#8221;0&#8243; uncode_shortcode_id=&#8221;184515&#8243;][vc_column column_width_percent=&#8221;100&#8243; position_vertical=&#8221;middle&#8221; align_horizontal=&#8221;align_center&#8221; gutter_size=&#8221;3&#8243; style=&#8221;dark&#8221; overlay_alpha=&#8221;50&#8243; shift_x=&#8221;0&#8243; shift_y=&#8221;0&#8243; shift_y_down=&#8221;0&#8243; z_index=&#8221;0&#8243; medium_width=&#8221;0&#8243; mobile_width=&#8221;0&#8243; width=&#8221;1\/1&#8243; uncode_shortcode_id=&#8221;630409&#8243;][vc_custom_heading text_color=&#8221;color-xsdn&#8221; text_font=&#8221;font-785749&#8243; text_weight=&#8221;800&#8243; uncode_shortcode_id=&#8221;326696&#8243; text_color_type=&#8221;uncode-palette&#8221;]<\/p>\n<h2 style=\"text-align: left;\"><span class=\"font-785749\" style=\"color: #ffffff;\">3. Drijfveren<\/span><\/h2>\n<p>[\/vc_custom_heading][\/vc_column][\/vc_row][vc_row row_height_percent=&#8221;0&#8243; override_padding=&#8221;yes&#8221; h_padding=&#8221;2&#8243; top_padding=&#8221;5&#8243; bottom_padding=&#8221;3&#8243; overlay_alpha=&#8221;100&#8243; gutter_size=&#8221;3&#8243; column_width_percent=&#8221;100&#8243; shift_y=&#8221;0&#8243; z_index=&#8221;0&#8243; row_height_use_pixel=&#8221;&#8221; uncode_shortcode_id=&#8221;135102&#8243;][vc_column column_width_use_pixel=&#8221;yes&#8221; gutter_size=&#8221;3&#8243; overlay_alpha=&#8221;50&#8243; shift_x=&#8221;0&#8243; shift_y=&#8221;0&#8243; shift_y_down=&#8221;0&#8243; z_index=&#8221;0&#8243; medium_width=&#8221;0&#8243; mobile_width=&#8221;0&#8243; zoom_width=&#8221;0&#8243; zoom_height=&#8221;0&#8243; column_width_pixel=&#8221;800&#8243; uncode_shortcode_id=&#8221;624727&#8243;][vc_custom_heading text_color=&#8221;color-151700&#8243; text_font=&#8221;font-785749&#8243; text_weight=&#8221;800&#8243; uncode_shortcode_id=&#8221;426100&#8243; text_color_type=&#8221;uncode-palette&#8221;]<\/p>\n<h5 style=\"text-align: left;\"><span class=\"font-785749\" style=\"color: #00c389;\">Geloof in herstel<\/span><\/h5>\n<p>[\/vc_custom_heading][vc_column_text uncode_shortcode_id=&#8221;788597&#8243;]<\/p>\n<p class=\"_04xlpA direction-ltr align-justify para-style-body\"><span class=\"S1PPyQ\" style=\"color: #000000;\">Ons leven is een kostbaar geschenk. Het verdient bescherming en respect. Criminaliteit heeft daar geen boodschap aan. Dat is zonde, want er zijn alleen maar verliezers. En zo worden mensen slachtoffer, voelt de samenleving zich onveilig en laat de dader z\u2019n familie achter met verdriet, schaamte en grote zorgen.<\/span><\/p>\n<p class=\"_04xlpA direction-ltr align-justify para-style-body\"><span class=\"S1PPyQ\" style=\"color: #000000;\">De rechter veroordeelt de dader wel, maar dat is niet genoeg! Gerechtigheid vraagt \u00f3\u00f3k om barmhartigheid. Dat is wat God ons leert in de Bijbel en wat Jezus bracht en deed.<\/span><\/p>\n<p class=\"_04xlpA direction-ltr align-justify para-style-body\"><span class=\"S1PPyQ\" style=\"color: #000000;\">Daarom reiken we (ex-)gevangenen, tbs-pati\u00ebnten en hun familie de helpende hand om samen te werken aan herstel. Dat doen wij met een landelijk netwerk van vrijwilligers en met steun van kerken, bedrijven, fondsen en particulieren. Want, wie redt het om in z\u2019n eentje zijn vastgelopen leven weer vlot te trekken? Persoonlijke aandacht en verantwoordelijkheid staan bij ons centraal. We maken tijd om samen te ontdekken wat er fout ging en wat er nodig is om het leven om te buigen naar een nieuwe toekomst.<\/span><\/p>\n<p class=\"_04xlpA direction-ltr align-justify para-style-body\"><span class=\"S1PPyQ\" style=\"color: #000000;\">Gevangenenzorg Nederland is een stem uit de samenleving die vindt dat niet criminaliteit maar geloof in herstel het laatste woord mag hebben. D\u00e1\u00e1r zetten wij ons voor in, uit liefde tot God en de medemens.<\/span><\/p>\n<p>[\/vc_column_text][vc_custom_heading text_color=&#8221;color-151700&#8243; text_font=&#8221;font-785749&#8243; text_weight=&#8221;800&#8243; uncode_shortcode_id=&#8221;354997&#8243; text_color_type=&#8221;uncode-palette&#8221;]<\/p>\n<h5 style=\"text-align: left;\"><span class=\"font-785749\" style=\"color: #00c389;\"><span class=\"S1PPyQ\">Missie en visie<\/span><\/span><\/h5>\n<p>[\/vc_custom_heading][vc_column_text uncode_shortcode_id=&#8221;623343&#8243;]<span class=\"S1PPyQ\" style=\"color: #000000;\">Onze missie is \u2018geloof in herstel\u2019, d.w.z. we reiken (ex-)gevangenen, tbs-pati\u00ebnten en hun familie de helpende hand om samen te werken aan herstel. Dat doen wij met een landelijk netwerk van betaalde en onbetaalde medewerkers en met steun van kerken, bedrijven, fondsen en particulieren. Onze kernwaarde \u2018barmhartige gerechtigheid\u2019 en persoonlijke aandacht en verantwoordelijkheid staan bij ons centraal. <\/span><\/p>\n<p><span class=\"S1PPyQ\" style=\"color: #000000;\">Onze visie is om in weerwil van veranderende maatschappelijke omstandigheden, met een geduldig hart, liefdevolle ogen, gespitste oren en milde handen, present zijn bij gevangenen, tbs-pati\u00ebnten en hun familie en hen helpen naar een nieuwe toekomst zonder criminaliteit en detentie. Wij willen daarbij gebruik maken van de groeiende technologische mogelijkheden. Steun uit de samenleving en samenwerking met stakeholders is daarbij essentieel. Daarom willen we onze organisatie en ons werk sterker positioneren.<\/span>[\/vc_column_text][vc_custom_heading text_color=&#8221;color-151700&#8243; text_font=&#8221;font-785749&#8243; text_weight=&#8221;800&#8243; uncode_shortcode_id=&#8221;207521&#8243; text_color_type=&#8221;uncode-palette&#8221;]<\/p>\n<h5 style=\"text-align: left;\"><span class=\"font-785749\" style=\"color: #00c389;\"><span class=\"S1PPyQ\">Wettelijk kader<\/span> <\/span><\/h5>\n<p>[\/vc_custom_heading][vc_column_text uncode_shortcode_id=&#8221;692379&#8243;]<\/p>\n<p class=\"_04xlpA direction-ltr align-start para-style-body\"><span style=\"color: #000000;\"><span class=\"S1PPyQ\">Sinds de opheffing van de NJO-regeling in 2021 ontbreekt het voor ons werk aan een wettelijk kader. Voorheen gaf de NJO-erkenning<\/span> <span class=\"S1PPyQ\">vrijwilligersorganisaties een basisrecht om buiten reguliere bezoektijden gevangenen en tbs-gestelden \u00e9\u00e9n op \u00e9\u00e9n te bezoeken in een aparte bezoekcel. Met het vervallen van deze regeling is het organiseren van een bezoek lastiger geworden Ook de administratieve druk is toegenomen als gevolg van een nieuwe subsidieregeling. Samen met drie andere vrijwilligersorganisaties &#8211;<\/span> <span class=\"S1PPyQ\">Bonjo, Exodus en Humanitas &#8211;<\/span> <span class=\"S1PPyQ\">wordt daar middels lobby bij de overheid aandacht voor gevraagd. In september was er een plezierige en constructieve kennismaking met minister Franc Weerwind, minister voor Rechtsbescherming. Er is een jaarlijks gesprek toegezegd.<\/span><\/span><\/p>\n<p>[\/vc_column_text][vc_custom_heading text_color=&#8221;color-151700&#8243; text_font=&#8221;font-785749&#8243; text_weight=&#8221;800&#8243; uncode_shortcode_id=&#8221;420086&#8243; text_color_type=&#8221;uncode-palette&#8221;]<\/p>\n<h5 style=\"text-align: left;\"><span class=\"font-785749\" style=\"color: #00c389;\"><span class=\"S1PPyQ\">Privacy<\/span><\/span><\/h5>\n<p>[\/vc_custom_heading][vc_column_text uncode_shortcode_id=&#8221;174893&#8243;]<\/p>\n<p class=\"_04xlpA direction-ltr align-start para-style-body\"><span class=\"S1PPyQ\" style=\"color: #000000;\">De Algemene Verordening Gegevensbescherming (AVG) en andere privacyregels vragen van GNd een juiste en transparante verwerking van persoonsgegevens. GNd verzamelt en gebruikt de gegevens voor specifieke en legitieme doeleinden. De persoonsgegevens worden veilig bewaard en er zijn passende technische en organisatorische maatregelen genomen om de gegevens te beschermen tegen ongeautoriseerde toegang, verlies of diefstal. Daarnaast heeft GNd ervoor gezorgd dat personen de juiste rechten hebben om hun persoonsgegevens te controleren, te wijzigen of te verwijderen.<\/span><\/p>\n<p>[\/vc_column_text][vc_custom_heading text_color=&#8221;color-151700&#8243; text_font=&#8221;font-785749&#8243; text_weight=&#8221;800&#8243; uncode_shortcode_id=&#8221;817701&#8243; text_color_type=&#8221;uncode-palette&#8221;]<\/p>\n<h5 style=\"text-align: left;\"><span class=\"font-785749\" style=\"color: #00c389;\"><span class=\"S1PPyQ\">Logo en internationale samenwerking <\/span><\/span><\/h5>\n<p>[\/vc_custom_heading][vc_column_text uncode_shortcode_id=&#8221;589958&#8243;]<\/p>\n<p class=\"_04xlpA direction-ltr align-start para-style-body\"><span class=\"S1PPyQ\" style=\"color: #000000;\">Gevangenenzorg Nederland (GNd) is lid van Prison Fellowship International (PFI), dat in ruim 100 landen vertegenwoordigd is. PFI heeft als non-gouvernementele organisatie een consultatieve status in de Economische en Sociale Raad van de Verenigde Naties (ECOSOC) en neemt actief deel aan VN Alliantie van Ngo\u2019s met betrekking tot misdaadpreventie en strafrecht.<\/span><\/p>\n<p class=\"_04xlpA direction-ltr align-justify para-style-body\"><span class=\"S1PPyQ\" style=\"color: #000000;\">GNd participeert als Advisory Council in de Global Capacity Initiative van PFI. Het betreft advisering aan PFI over programma\u2019s en strategisch beleid.<\/span><\/p>\n<p class=\"_04xlpA direction-ltr align-justify para-style-body\"><span class=\"S1PPyQ\" style=\"color: #000000;\">Door ons lidmaatschap van PFI hebben wij in de loop der jaren diverse aansprekende projecten voor gevangenen kunnen ontwikkelen.<\/span><\/p>\n<p class=\"_04xlpA direction-ltr align-justify para-style-body\"><span class=\"S1PPyQ\" style=\"color: #000000;\">Alle leden van PFI hebben net als GNd de Bijbel en de geloofsbelijdenis van Nicea als basis. Het logo van GNd is een variatie op het logo van PFI dat gebaseerd is op de Bijbeltekst uit Jesaja 42:3 \u201cHet geknakte riet zal Hij niet verbreken (\u2026) naar waarheid zal Hij het recht voortbrengen\u201d.<\/span><\/p>\n<p>[\/vc_column_text][\/vc_column][\/vc_row][vc_row][vc_column width=&#8221;1\/1&#8243;][vc_single_image media=&#8221;119073&#8243; media_width_percent=&#8221;62&#8243; alignment=&#8221;center&#8221; uncode_shortcode_id=&#8221;679166&#8243;][\/vc_column][\/vc_row][vc_row row_height_percent=&#8221;0&#8243; override_padding=&#8221;yes&#8221; h_padding=&#8221;2&#8243; top_padding=&#8221;5&#8243; bottom_padding=&#8221;5&#8243; back_color=&#8221;color-gyho&#8221; overlay_alpha=&#8221;49&#8243; equal_height=&#8221;yes&#8221; gutter_size=&#8221;4&#8243; column_width_percent=&#8221;100&#8243; shift_y=&#8221;0&#8243; z_index=&#8221;0&#8243; uncode_shortcode_id=&#8221;120967&#8243; back_color_type=&#8221;uncode-palette&#8221;][vc_column column_width_use_pixel=&#8221;yes&#8221; position_vertical=&#8221;middle&#8221; align_horizontal=&#8221;align_center&#8221; gutter_size=&#8221;3&#8243; overlay_alpha=&#8221;50&#8243; shift_x=&#8221;0&#8243; shift_y=&#8221;0&#8243; shift_y_down=&#8221;0&#8243; z_index=&#8221;0&#8243; medium_width=&#8221;0&#8243; mobile_width=&#8221;0&#8243; width=&#8221;1\/1&#8243; column_width_pixel=&#8221;900&#8243;][vc_row_inner limit_content=&#8221;&#8221;][vc_column_inner column_width_percent=&#8221;100&#8243; align_horizontal=&#8221;align_right&#8221; gutter_size=&#8221;3&#8243; overlay_alpha=&#8221;50&#8243; shift_x=&#8221;0&#8243; shift_y=&#8221;0&#8243; shift_y_down=&#8221;0&#8243; z_index=&#8221;0&#8243; medium_width=&#8221;4&#8243; align_mobile=&#8221;align_center_mobile&#8221; mobile_width=&#8221;0&#8243; width=&#8221;1\/2&#8243; uncode_shortcode_id=&#8221;135084&#8243;][vc_button button_color=&#8221;color-151700&#8243; border_width=&#8221;0&#8243; link=&#8221;url:https%3A%2F%2Fjaarverslag.gevangenenzorg.nl%2F2022%2F2-raad-van-toezicht%2F&#8221; button_color_type=&#8221;uncode-palette&#8221; uncode_shortcode_id=&#8221;200006&#8243;]Vorig hoofdstuk[\/vc_button][\/vc_column_inner][vc_column_inner column_width_percent=&#8221;100&#8243; gutter_size=&#8221;3&#8243; overlay_alpha=&#8221;50&#8243; shift_x=&#8221;0&#8243; shift_y=&#8221;0&#8243; shift_y_down=&#8221;0&#8243; z_index=&#8221;0&#8243; medium_width=&#8221;4&#8243; align_mobile=&#8221;align_center_mobile&#8221; mobile_width=&#8221;0&#8243; width=&#8221;1\/2&#8243;][vc_button button_color=&#8221;color-151700&#8243; border_width=&#8221;0&#8243; link=&#8221;url:https%3A%2F%2Fjaarverslag.gevangenenzorg.nl%2F2022%2F4-aandacht-voor-de-hulpvrager%2F&#8221; button_color_type=&#8221;uncode-palette&#8221; uncode_shortcode_id=&#8221;238432&#8243;]Volgend hoofdstuk[\/vc_button][\/vc_column_inner][\/vc_row_inner][\/vc_column][\/vc_row]<\/p>\n","protected":false},"excerpt":{"rendered":"<p>[vc_row row_height_percent=&#8221;68&#8243; override_padding=&#8221;yes&#8221; h_padding=&#8221;2&#8243; top_padding=&#8221;5&#8243; bottom_padding=&#8221;5&#8243; back_image=&#8221;118990&#8243; parallax=&#8221;yes&#8221; overlay_alpha=&#8221;80&#8243; equal_height=&#8221;yes&#8221; gutter_size=&#8221;4&#8243; column_width_percent=&#8221;100&#8243; shift_y=&#8221;0&#8243; z_index=&#8221;0&#8243; uncode_shortcode_id=&#8221;184515&#8243;][vc_column column_width_percent=&#8221;100&#8243; position_vertical=&#8221;middle&#8221; align_horizontal=&#8221;align_center&#8221; gutter_size=&#8221;3&#8243; style=&#8221;dark&#8221; [&hellip;]<\/p>\n","protected":false},"author":1,"featured_media":0,"parent":0,"menu_order":0,"comment_status":"closed","ping_status":"closed","template":"","meta":{"footnotes":""},"class_list":["post-118913","page","type-page","status-publish","hentry"],"yoast_head":"<!-- This site is optimized with the Yoast SEO plugin v27.2 - https:\/\/yoast.com\/product\/yoast-seo-wordpress\/ -->\n<title>3. Drijfveren - Jaarverslag 2022 | Gevangenenzorg Nederland<\/title>\n<meta name=\"robots\" content=\"index, follow, max-snippet:-1, max-image-preview:large, max-video-preview:-1\" \/>\n<link rel=\"canonical\" href=\"https:\/\/jaarverslag.gevangenenzorg.nl\/2022\/3-drijfveren\/\" \/>\n<meta property=\"og:locale\" content=\"nl_NL\" \/>\n<meta property=\"og:type\" content=\"article\" \/>\n<meta property=\"og:title\" content=\"3. Drijfveren - Jaarverslag 2022 | Gevangenenzorg Nederland\" \/>\n<meta property=\"og:description\" content=\"[vc_row row_height_percent=&#8221;68&#8243; override_padding=&#8221;yes&#8221; h_padding=&#8221;2&#8243; top_padding=&#8221;5&#8243; bottom_padding=&#8221;5&#8243; back_image=&#8221;118990&#8243; parallax=&#8221;yes&#8221; overlay_alpha=&#8221;80&#8243; equal_height=&#8221;yes&#8221; gutter_size=&#8221;4&#8243; column_width_percent=&#8221;100&#8243; shift_y=&#8221;0&#8243; z_index=&#8221;0&#8243; uncode_shortcode_id=&#8221;184515&#8243;][vc_column column_width_percent=&#8221;100&#8243; position_vertical=&#8221;middle&#8221; align_horizontal=&#8221;align_center&#8221; gutter_size=&#8221;3&#8243; style=&#8221;dark&#8221; [&hellip;]\" \/>\n<meta property=\"og:url\" content=\"https:\/\/jaarverslag.gevangenenzorg.nl\/2022\/3-drijfveren\/\" \/>\n<meta property=\"og:site_name\" content=\"Jaarverslag 2022 | Gevangenenzorg Nederland\" \/>\n<meta property=\"article:modified_time\" content=\"2023-05-01T12:35:30+00:00\" \/>\n<meta name=\"twitter:card\" content=\"summary_large_image\" \/>\n<meta name=\"twitter:label1\" content=\"Verwachte leestijd\" \/>\n\t<meta name=\"twitter:data1\" content=\"6 minuten\" \/>\n<script type=\"application\/ld+json\" class=\"yoast-schema-graph\">{\"@context\":\"https:\/\/schema.org\",\"@graph\":[{\"@type\":\"WebPage\",\"@id\":\"https:\/\/jaarverslag.gevangenenzorg.nl\/2022\/3-drijfveren\/\",\"url\":\"https:\/\/jaarverslag.gevangenenzorg.nl\/2022\/3-drijfveren\/\",\"name\":\"3. Drijfveren - Jaarverslag 2022 | Gevangenenzorg Nederland\",\"isPartOf\":{\"@id\":\"https:\/\/jaarverslag.gevangenenzorg.nl\/2022\/#website\"},\"datePublished\":\"2023-04-24T14:00:31+00:00\",\"dateModified\":\"2023-05-01T12:35:30+00:00\",\"breadcrumb\":{\"@id\":\"https:\/\/jaarverslag.gevangenenzorg.nl\/2022\/3-drijfveren\/#breadcrumb\"},\"inLanguage\":\"nl-NL\",\"potentialAction\":[{\"@type\":\"ReadAction\",\"target\":[\"https:\/\/jaarverslag.gevangenenzorg.nl\/2022\/3-drijfveren\/\"]}]},{\"@type\":\"BreadcrumbList\",\"@id\":\"https:\/\/jaarverslag.gevangenenzorg.nl\/2022\/3-drijfveren\/#breadcrumb\",\"itemListElement\":[{\"@type\":\"ListItem\",\"position\":1,\"name\":\"Home\",\"item\":\"https:\/\/jaarverslag.gevangenenzorg.nl\/2022\/\"},{\"@type\":\"ListItem\",\"position\":2,\"name\":\"3. Drijfveren\"}]},{\"@type\":\"WebSite\",\"@id\":\"https:\/\/jaarverslag.gevangenenzorg.nl\/2022\/#website\",\"url\":\"https:\/\/jaarverslag.gevangenenzorg.nl\/2022\/\",\"name\":\"Jaarverslag 2022 | Gevangenenzorg Nederland\",\"description\":\"\",\"publisher\":{\"@id\":\"https:\/\/jaarverslag.gevangenenzorg.nl\/2022\/#organization\"},\"potentialAction\":[{\"@type\":\"SearchAction\",\"target\":{\"@type\":\"EntryPoint\",\"urlTemplate\":\"https:\/\/jaarverslag.gevangenenzorg.nl\/2022\/?s={search_term_string}\"},\"query-input\":{\"@type\":\"PropertyValueSpecification\",\"valueRequired\":true,\"valueName\":\"search_term_string\"}}],\"inLanguage\":\"nl-NL\"},{\"@type\":\"Organization\",\"@id\":\"https:\/\/jaarverslag.gevangenenzorg.nl\/2022\/#organization\",\"name\":\"Jaarverslag 2022 | Gevangenenzorg Nederland\",\"url\":\"https:\/\/jaarverslag.gevangenenzorg.nl\/2022\/\",\"logo\":{\"@type\":\"ImageObject\",\"inLanguage\":\"nl-NL\",\"@id\":\"https:\/\/jaarverslag.gevangenenzorg.nl\/2022\/#\/schema\/logo\/image\/\",\"url\":\"https:\/\/jaarverslag.gevangenenzorg.nl\/2022\/wp-content\/uploads\/2023\/05\/Gevangenenzorg_pay_off.jpg\",\"contentUrl\":\"https:\/\/jaarverslag.gevangenenzorg.nl\/2022\/wp-content\/uploads\/2023\/05\/Gevangenenzorg_pay_off.jpg\",\"width\":1715,\"height\":365,\"caption\":\"Jaarverslag 2022 | Gevangenenzorg Nederland\"},\"image\":{\"@id\":\"https:\/\/jaarverslag.gevangenenzorg.nl\/2022\/#\/schema\/logo\/image\/\"}}]}<\/script>\n<!-- \/ Yoast SEO plugin. -->","yoast_head_json":{"title":"3. Drijfveren - Jaarverslag 2022 | Gevangenenzorg Nederland","robots":{"index":"index","follow":"follow","max-snippet":"max-snippet:-1","max-image-preview":"max-image-preview:large","max-video-preview":"max-video-preview:-1"},"canonical":"https:\/\/jaarverslag.gevangenenzorg.nl\/2022\/3-drijfveren\/","og_locale":"nl_NL","og_type":"article","og_title":"3. Drijfveren - Jaarverslag 2022 | Gevangenenzorg Nederland","og_description":"[vc_row row_height_percent=&#8221;68&#8243; override_padding=&#8221;yes&#8221; h_padding=&#8221;2&#8243; top_padding=&#8221;5&#8243; bottom_padding=&#8221;5&#8243; back_image=&#8221;118990&#8243; parallax=&#8221;yes&#8221; overlay_alpha=&#8221;80&#8243; equal_height=&#8221;yes&#8221; gutter_size=&#8221;4&#8243; column_width_percent=&#8221;100&#8243; shift_y=&#8221;0&#8243; z_index=&#8221;0&#8243; uncode_shortcode_id=&#8221;184515&#8243;][vc_column column_width_percent=&#8221;100&#8243; position_vertical=&#8221;middle&#8221; align_horizontal=&#8221;align_center&#8221; gutter_size=&#8221;3&#8243; style=&#8221;dark&#8221; [&hellip;]","og_url":"https:\/\/jaarverslag.gevangenenzorg.nl\/2022\/3-drijfveren\/","og_site_name":"Jaarverslag 2022 | Gevangenenzorg Nederland","article_modified_time":"2023-05-01T12:35:30+00:00","twitter_card":"summary_large_image","twitter_misc":{"Verwachte leestijd":"6 minuten"},"schema":{"@context":"https:\/\/schema.org","@graph":[{"@type":"WebPage","@id":"https:\/\/jaarverslag.gevangenenzorg.nl\/2022\/3-drijfveren\/","url":"https:\/\/jaarverslag.gevangenenzorg.nl\/2022\/3-drijfveren\/","name":"3. Drijfveren - Jaarverslag 2022 | Gevangenenzorg Nederland","isPartOf":{"@id":"https:\/\/jaarverslag.gevangenenzorg.nl\/2022\/#website"},"datePublished":"2023-04-24T14:00:31+00:00","dateModified":"2023-05-01T12:35:30+00:00","breadcrumb":{"@id":"https:\/\/jaarverslag.gevangenenzorg.nl\/2022\/3-drijfveren\/#breadcrumb"},"inLanguage":"nl-NL","potentialAction":[{"@type":"ReadAction","target":["https:\/\/jaarverslag.gevangenenzorg.nl\/2022\/3-drijfveren\/"]}]},{"@type":"BreadcrumbList","@id":"https:\/\/jaarverslag.gevangenenzorg.nl\/2022\/3-drijfveren\/#breadcrumb","itemListElement":[{"@type":"ListItem","position":1,"name":"Home","item":"https:\/\/jaarverslag.gevangenenzorg.nl\/2022\/"},{"@type":"ListItem","position":2,"name":"3. Drijfveren"}]},{"@type":"WebSite","@id":"https:\/\/jaarverslag.gevangenenzorg.nl\/2022\/#website","url":"https:\/\/jaarverslag.gevangenenzorg.nl\/2022\/","name":"Jaarverslag 2022 | Gevangenenzorg Nederland","description":"","publisher":{"@id":"https:\/\/jaarverslag.gevangenenzorg.nl\/2022\/#organization"},"potentialAction":[{"@type":"SearchAction","target":{"@type":"EntryPoint","urlTemplate":"https:\/\/jaarverslag.gevangenenzorg.nl\/2022\/?s={search_term_string}"},"query-input":{"@type":"PropertyValueSpecification","valueRequired":true,"valueName":"search_term_string"}}],"inLanguage":"nl-NL"},{"@type":"Organization","@id":"https:\/\/jaarverslag.gevangenenzorg.nl\/2022\/#organization","name":"Jaarverslag 2022 | Gevangenenzorg Nederland","url":"https:\/\/jaarverslag.gevangenenzorg.nl\/2022\/","logo":{"@type":"ImageObject","inLanguage":"nl-NL","@id":"https:\/\/jaarverslag.gevangenenzorg.nl\/2022\/#\/schema\/logo\/image\/","url":"https:\/\/jaarverslag.gevangenenzorg.nl\/2022\/wp-content\/uploads\/2023\/05\/Gevangenenzorg_pay_off.jpg","contentUrl":"https:\/\/jaarverslag.gevangenenzorg.nl\/2022\/wp-content\/uploads\/2023\/05\/Gevangenenzorg_pay_off.jpg","width":1715,"height":365,"caption":"Jaarverslag 2022 | Gevangenenzorg Nederland"},"image":{"@id":"https:\/\/jaarverslag.gevangenenzorg.nl\/2022\/#\/schema\/logo\/image\/"}}]}},"_links":{"self":[{"href":"https:\/\/jaarverslag.gevangenenzorg.nl\/2022\/wp-json\/wp\/v2\/pages\/118913","targetHints":{"allow":["GET"]}}],"collection":[{"href":"https:\/\/jaarverslag.gevangenenzorg.nl\/2022\/wp-json\/wp\/v2\/pages"}],"about":[{"href":"https:\/\/jaarverslag.gevangenenzorg.nl\/2022\/wp-json\/wp\/v2\/types\/page"}],"author":[{"embeddable":true,"href":"https:\/\/jaarverslag.gevangenenzorg.nl\/2022\/wp-json\/wp\/v2\/users\/1"}],"replies":[{"embeddable":true,"href":"https:\/\/jaarverslag.gevangenenzorg.nl\/2022\/wp-json\/wp\/v2\/comments?post=118913"}],"version-history":[{"count":9,"href":"https:\/\/jaarverslag.gevangenenzorg.nl\/2022\/wp-json\/wp\/v2\/pages\/118913\/revisions"}],"predecessor-version":[{"id":119107,"href":"https:\/\/jaarverslag.gevangenenzorg.nl\/2022\/wp-json\/wp\/v2\/pages\/118913\/revisions\/119107"}],"wp:attachment":[{"href":"https:\/\/jaarverslag.gevangenenzorg.nl\/2022\/wp-json\/wp\/v2\/media?parent=118913"}],"curies":[{"name":"wp","href":"https:\/\/api.w.org\/{rel}","templated":true}]}}